 + 2))).
-5
Evaluate -22 + (11 - -15) - 24 - 11.
-31
Evaluate -122 - -179 - (2 - -13).
42
Evaluate -8 + -5 + 1 - (348 + -326).
-34
What is 59 + -211 + 208 + 3 + -6 + 2?
55
What is 51 + (-1 - 64) + (723 - 684)?
25
93 - (36 - -9) - 27
21
What is 21 - 29 - (-6 + (3 - -1) + -4 - 5)?
3
53 + -105 + 47 - -18
13
Evaluate -143 - (21 + 4 + -94).
-74
Evaluate (8 - 70) + 11 + (-25 - (-4 - 15)).
-57
Evaluate (-91 + 112 - 10) + 80 + 0.
91
Evaluate -8 + 35 + 26 - 23.
30
What is 6 - (-61 - (2 + -39 + 120 + -100))?
50
Evaluate -68 + 5 + 40 + 17.
-6
What is 246 + -230 + (-17 + 2 - 5) + -10?
-14
-6 + -64 + -30 - 14 - 12
-126
Calculate 3 - 163 - ((-1 - (-6 + -3)) + (2 - 18)).
-152
142 + 1 + (80 - 171)
52
What is (1 - (4 + -24 - -20 - -8)) + 9?
2
What is 4 + (13 - 15) + 1 + 9 - 75?
-63
Evaluate -5 + ((1 + 2 - -45) + -5 - 7) + 5.
36
0 - 1 - (666 + -665) - -149
147
Evaluate 358 + -357 - ((70 - 6) + (-3 - -5) + 5).
-70
What is the value of 15 - 36 - (-104 - -54)?
29
What is (54 + 14 - 40) + 3 + (-3 - 7)?
21
Evaluate (7 - 17) + (23 - 21 - (-6 - 5)).
3
Calculate (3 - 31) + (-2 - 7 - (-29 + 8 - -20)).
-36
-1 + -10 - (7 + -12) - (20 - (4 + -13))
-35
What is the value of -1 - (2 - -46) - (6467 + -6458)?
-58
Calculate (220 - 301) + (213 - -7).
139
-15 + 144 + 17 + -76
70
What is 30 + (51 - 33) + -65?
-17
Evaluate -41 + 11 + (-21 - -42) + 55.
46
What is the value of (104 - 128) + (-5 - (30 + -50)) + (1 - 5)?
-13
Evaluate (0 - (2 + 8)) + -338 + 351.
3
Calculate (-57 - (-25 - -43)) + 126.
51
24 + (149 - 168 - (-2 + -11))
18
(-15 - -9) + 10 + -20 + 32 - -55
71
Calculate (15 + -24 - -10 - 10 - 6) + -22.
-37
-28 - (39 + (6 - 48))
-25
-43 + 7 + (-728 - -895)
131
(1285 - 1337) + (11 - 2)
-43
(-1 + -24 - -1) + (-167 - -181) + 16
6
Evaluate -32 + (26 - 42) - (-3 + -6).
-39
-9 + -16 + -3 + 17 - (3 - 7)
-7
What is 42 - 26 - ((6 - -21) + 14)?
-25
Evaluate (-2 - -8) + -2 - (-76 - (-105 - -42)).
17
(-39 - -139 - 118) + (-2 - -3 - 1) - 8
-26
Evaluate (2 - 14) + (-238 - -238) + 31.
19
Calculate 37 - 92 - -46 - (2 + -2 + -61).
52
Evaluate 117 + 20 + -134 + 39.
42
38 - -1 - (-6794 + 6867)
-34
(113 - 254 - (-2 - -10)) + 42 + -21
-128
What is the value of 12 - ((12 - (7 - -6 - -10)) + 55)?
-32
Calculate -16 - (50 + -9 + 11).
-68
Evaluate 11 + (10 - 7) + (-1 - -4) + (3 - 5).
15
Calculate 135 + (-38 - -7) + (-2 - -1) + (-45 - -30).
88
Calculate 70 + (22 + 99 - 124).
67
What is the value of 2 - (15 + -28 + 25 - -11)?
-21
-42 - -2 - -19 - -22 - (-3 + -33)
37
Evaluate (7 - (12 + -32)) + (0 - 4) - 14.
9
Calculate 47 - (-1 - -10 - (11 + -3) - 13).
59
What is -22 + 40 + (-21 - (15 - (-9 - -9)))?
-18
What is 15 + (-16 - (-37 + 11))?
25
41 + (-39 - (-15 - -6))
11
What is the value of (249 - 252) + 25 + -4 + (-3 - (6 + -7))?
16
-19 + 9 - (21 - (3 + (-1 - 5 - 5)))
-39
Evaluate -103 + (282 - 309) + (0 - -7) + 32.
-91
What is -13 + (33 - 20 - -30 - 21) - 83?
-74
-2 - (-2 - 1) - (-583 + 587) - (1 + -23)
19
36 - -1 - (-82 + (1 - -101))
17
What is ((-6 - -1) + -11 - (73 + -95)) + 113?
119
Evaluate -4 + -13 + -1 + -215 + 218.
-15
-105 + 92 + -2 + -4 + 22
3
Evaluate 46 - ((88 - 200) + 91).
67
6 - (14 - -9 - 2)
-15
What is -8 - 22 - (-20 + 15 - -13)?
-38
What is -10 - ((-9 - 4) + 14) - (-8 + 17)?
-20
What is -40 - (84 + 3 + 78 + -89)?
-116
Calculate (6 + -1 - 4 - (6 - -4)) + -3 - -48.
36
What is the value of (2 - -95) + -326 + 363 + (1 - (0 + 16))?
119
What is the value of 1952 + -1892 - (6 - 4 - 1)?
59
What is -67 - (87 - 142) - (1 - (-61 - -1))?
-73
Evaluate -21 + (1 - (24 - 9) - -36 - 44).
-43
Calculate 33 - (4 + -18 + 15).
32
What is -8 + 92 + -58 + -41?
-15
Evaluate (78 - (-2 + 2)) + 133 + -235 + 81.
57
What is the value of 2 - 6 - -15 - (12 - (-1 - -2))?
0
What is -2 + (35 - 25) - -38 - (0 - 3)?
49
Calculate 62 - (-4 + (43 - 27)) - 28.
22
What is the value of 17 + (-28 + 16 - -26) - 12?
19
What is 76 + -20 + (-124 - -143) + 4 + 21?
100
(-93 - (114 + -6 + -110)) + (15 - 1 - 1)
-78
What is the value of 0 - 80 - (1034 + -1138)?
24
Evaluate -20 + (-14 - (12 + -16) - -17).
-13
What is the value of -24401 + 24391 - (-75 + (4 + -1 - 2))?
64
-8 - 4 - (0 + -1 + (-27 - -16))
0
Evaluate -53 - (21 + 3 - ((0 - 10) + 10 - -11)).
-66
(-1617 - -1623) + -2 + -47
-43
Calculate 20 + -1 + -1 + (-133 - -33).
-82
What is the value of -27 - (-70 + 8) - -2?
37
What is the value of -31 + -32 + 8 + 12?
-43
Evaluate (68 - -3) + (9 + 1 - (-675 + 666)).
90
What is the value of -30 - (3 + -50 + 18)?
-1
What is -20 - (-52 - -32 - -29)?
-29
What is 0 - 4 - 23 - (13 + 10 + -17)?
-33
What is 10 - (-21 - ((-2 - -12) + (-11 - -9)))?
39
-15 + (-86 - (-28 - 53))
-20
What is 9 + -5 + -18 + 39?
25
-2 - -92 - (-11 + -22 + 0 - -51)
72
Evaluate ((-47 - 1) + -190 + 207 - -10) + 163.
142
What is the value of 1758 + -1754 + -31 + 2 + -1?
-26
Evaluate (-59 - (-118 - -62)) + -32.
-35
What is the value of -1 + -33 + (2109 - 2052)?
23
Calculate 53 + (-6 - (-8 + (-8 - (0 - 18))) - -5).
50
Evaluate (6 - (-5 - -5) - 7) + 9 + -25.
-17
Calculate (-77 - (-18 - -8)) + 0 - -34.
-33
What is -76 + 124 + -64 + 28 + -1 + -54 + -1?
-44
What is (-16 - -2) + (-89 + 114 - (-17 + -1))?
29
What is 10 + (55 - 94) + 25?
-4
-11 + -3 + -2 + (11 - (45 + -20)) + 22
-8
Evaluate (-2 + (7 - (-22 + 14)) - 27) + 2 - -12.
0
What is the value of (-53 - (-24 - 35)) + -37?
-31
4 + -69 - -38 - (8 + 1 + 1)
-37
Calculate -11 - (12 - (63 + 20 + -11)).
49
Evaluate -1257 + 1261 - (0 + 27 - -1).
-24
Calculate 88 + 3 - (731 + -561).
-79
Evaluate -75 - (-107 - -130) - -7.
-91
Evaluate 40 + -61 + (-6 - -37) - (0 - (22 - -2)).
34
Calculate -16 - -22 - (-119 - -74).
51
Calculate 13 - -82 - -74 - 73.
96
What is ((-42 - -27) + -15 - (-11 - 3)) + -13?
-29
Evaluate -5 + -32 + -1 - (466 - 449).
-55
-4 - (-31 - -27) - (22 + -7) - -88
73
What is -2 - (-12 - (11 - (104 - (-19 + 24))))?
-78
Evaluate -51 + (47 - 39) - -76.
33
(1 - -6) + 93 + -39
61
5 + (-22 + 30 - -14) + -3
24
What is the value of 42 + (30 + -22 - 47)?
3
What is the value of (2 - -31) + -35 - -13 - -79?
90
(-1 - 0) + 24 - (-16437 + 16475)
-15
What is -55 - (-2 - 1 - (-3 - (1 + 7 + -6)))?
-57
Calculate 1 + -11 + 2 + -2 + 0 + (-83603 - -83542).
-71
Evaluate 1 + 68 + -3 + (-22 + -50 - -87).
81
Calculate -54 + (-7 - (-2 - -1) - (-4 - 15 - -14)).
-55
What is (39 - 1) + (-174 - -150) + -46?
-32
Calculate -1 + 5 + (-11 - -35 - (-14 + 36)).
6
5 + ((-15 - 3) + -1 - 4 - 6)
-24
Evaluate -132 - (-119 - (-67 + 83)).
3
Calculate 1 - ((-10 - 0) + 30 + -58).
39
58 - (63 - 37 - -35)
-3
Calculate (-47 - -49) + -7 + -2 - -18.
11
What is (-61 - -1) + (26 + (2 - 0) - (247 - 229))?
-50
Calculate -300 + 309 + (-73 - (-3 - -1)).
-62
What is 36 - ((44 - -83) + -64)?
-27
Evaluate (2 - -4 - -13) + 159 + -159.
19
What is the value of -63 + 52 + 81 + -59?
11
Calculate -3 + -60 + 77 + -139.
-125
Evaluate 6 + 1 - 27 - (24 + -27).
-17
0 - 3 - (-41 - -47 - (-10 - (-2 + -5)))
-12
Evaluate (-13 - 2) + 17 + -7 - (4 - -5).
-14
Evaluate (30 - 11) + (-211 - -232).
40
What is -120 + (19 - (0 - -4) - (35 + -28 + 17))?
-129
What is -30 + (-33 + 40 - -89) - (-1 + -4)?
71
What is the value of (6 - 4) + (17 - (3 + (-7 - -31) + -11))?
3
Calculate 110 - (40 + -23) - 31.
62
90 + -13 - (44 + 3 - 27)
57
5 + -6 + -22 + -234 + 169
-88
Calculate -80 - -3 - ((-28 - -95) + -95).
-49
1 + 41 + (15 + 24 - (4 + 26))
51
Calculate 25 + (-20 + -53 - -50).
2
What is -15 + -1 - -11 - -8 - 7 - (25 - 7)?
-22
Calculate (-19 - (-12 - 16)) + (17 - 34).
-8
Calculate (-20 - -1) + (-21 - (-215 + 141)).
34
Evaluate 62 - (72 + 48 - 111).
53
What is the value of 112 + -30 + -47 - (1 + -1 + 2 + -2)?
35
What is the value of 152 - (-136 + 229 + -98 - (-2 + (-2 - 7)))?
146
9 + (-26 - (-47 - -47 - ((-3 - -1) + 8)))
-11
What is -9 - -16 - -13 - (-3 - -6) - 118?
-101
What is (43 - 26 - 166) + 2 + -4 + 19?
-132
-121 + 84 + (191 - 154)
0
Calculate (69 - 110) + 11 - 25.
-55
What is the value of (0 - -2 - (5 - -5)) + (-40 - (-5 + -2))?
-41
What is the value of (-9 - -62) + -29 - (2 + -28)?
50
(0 + -20 - -8) + 80 - 23
45
-1 + 11 + 103 + (120 - 99 - (-5 + 46))
93
What is the value of (-1 - -19) + -17 + -17 + 18 + (-2 - -15)?
15
What is (4 - -1) + 1 + (-47 - -9) + -10 + 6?
-36
(-3 - (-2 + -5 + (24 - 22))) + -6 + 70
66
What is the value of -6 - (-42 + (10 - 32))?
58
Evaluate ((-36 - -13) + 11 - -17 - -2) + 0 + -5.
2
Evaluate (